mmon divisor of 2453 and 4237.
223
What is the highest common factor of 1278 and 54?
18
Calculate the greatest common factor of 315 and 525.
105
Calculate the highest common factor of 5 and 53.
1
Calculate the greatest common divisor of 1517 and 74.
37
What is the highest common divisor of 1537 and 106?
53
Calculate the highest common factor of 451 and 198.
11
What is the greatest common divisor of 470 and 20?
10
What is the greatest common divisor of 1007 and 209?
19
Calculate the highest common divisor of 18 and 48.
6
What is the greatest common divisor of 3382 and 304?
38
Calculate the greatest common factor of 125 and 80.
5
Calculate the highest common divisor of 24599 and 34.
17
Calculate the greatest common factor of 21537 and 9.
9
Calculate the greatest common divisor of 2120 and 212.
212
Calculate the greatest common factor of 413 and 118.
59
What is the greatest common factor of 34 and 238?
34
What is the greatest common divisor of 2 and 3?
1
Calculate the greatest common divisor of 3072 and 24.
24
Calculate the highest common divisor of 44 and 4972.
44
Calculate the highest common factor of 8 and 136.
8
What is the greatest common factor of 19410 and 24?
6
Calculate the highest common factor of 32 and 536.
8
Calculate the greatest common factor of 13 and 2.
1
Calculate the highest common factor of 36 and 9.
9
What is the greatest common divisor of 27 and 129?
3
Calculate the greatest common factor of 110 and 264.
22
Calculate the highest common factor of 2021 and 47.
47
What is the highest common factor of 6601 and 644?
161
What is the greatest common divisor of 6 and 72?
6
Calculate the greatest common factor of 48 and 36.
12
What is the greatest common factor of 310 and 1426?
62
Calculate the greatest common divisor of 2555 and 949.
73
Calculate the greatest common divisor of 113924 and 76.
76
Calculate the highest common divisor of 871 and 13.
13
What is the highest common factor of 288 and 732?
12
Calculate the highest common divisor of 299 and 39.
13
Calculate the highest common divisor of 770 and 140.
70
What is the highest common factor of 2755 and 290?
145
Calculate the greatest common divisor of 817 and 43.
43
Calculate the greatest common factor of 2375 and 190.
95
What is the greatest common factor of 468 and 351?
117
What is the highest common divisor of 702 and 2646?
54
What is the highest common divisor of 620 and 992?
124
Calculate the greatest common divisor of 21 and 623.
7
Calculate the greatest common divisor of 243 and 36.
9
Calculate the highest common factor of 60 and 5820.
60
Calculate the highest common factor of 7990 and 94.
94
Calculate the greatest common factor of 172 and 430.
86
Calculate the greatest common factor of 76 and 1748.
76
Calculate the greatest common factor of 28 and 1756.
4
Calculate the greatest common factor of 456 and 72.
24
What is the greatest common divisor of 61 and 1891?
61
What is the highest common factor of 192 and 498?
6
What is the greatest common divisor of 6213 and 171?
57
Calculate the highest common factor of 13529 and 415.
83
What is the greatest common factor of 91 and 299?
13
What is the highest common factor of 9707 and 34?
17
Calculate the highest common factor of 56 and 8.
8
What is the greatest common factor of 9 and 1?
1
What is the highest common divisor of 270 and 54?
54
What is the greatest common factor of 29 and 203?
29
Calculate the greatest common divisor of 986 and 782.
34
What is the highest common factor of 1170 and 10?
10
What is the highest common divisor of 12 and 402?
6
What is the highest common factor of 232 and 26158?
58
Calculate the greatest common factor of 1590 and 10.
10
Calculate the highest common divisor of 210 and 90.
30
What is the highest common factor of 24009 and 159?
159
What is the greatest common factor of 6 and 14?
2
Calculate the greatest common factor of 115 and 40.
5
Calculate the greatest common divisor of 11837 and 133.
133
What is the greatest common factor of 26123 and 151?
151
Calculate the greatest common divisor of 30 and 110.
10
What is the highest common divisor of 72 and 48?
24
What is the highest common divisor of 180 and 120?
60
What is the greatest common factor of 78 and 39?
39
What is the highest common factor of 6076 and 124?
124
Calculate the highest common factor of 13941 and 18.
9
What is the highest common divisor of 14 and 182?
14
What is the greatest common factor of 357 and 21?
21
Calculate the greatest common divisor of 102 and 1054.
34
What is the greatest common factor of 3204 and 60?
12
Calculate the greatest common factor of 174 and 290.
58
What is the greatest common divisor of 3312 and 32?
16
What is the highest common factor of 158 and 1580?
158
Calculate the greatest common divisor of 28776 and 528.
264
What is the highest common factor of 486 and 1098?
18
What is the highest common factor of 1148 and 63?
7
What is the highest common factor of 169 and 26?
13
Calculate the greatest common divisor of 4082 and 26.
26
Calculate the greatest common divisor of 10 and 190.
10
Calculate the highest common factor of 35 and 1995.
35
Calculate the highest common divisor of 34133 and 107.
107
Calculate the highest common divisor of 154 and 2200.
22
Calculate the highest common factor of 21 and 51.
3
Calculate the greatest common factor of 322 and 92.
46
Calculate the highest common divisor of 34 and 2278.
34
Calculate the highest common factor of 16 and 1412.
4
Calculate the highest common divisor of 398 and 9353.
199
Calculate the highest common divisor of 14 and 32.
2
Calculate the greatest common divisor of 330 and 1265.
55
Calculate the greatest common divisor of 39 and 18044.
13
What is the highest common factor of 645 and 195?
15
Calculate the greatest common divisor of 2024 and 88.
88
What is the highest common divisor of 75 and 105?
15
What is the highest common factor of 23157 and 558?
279
Calculate the highest common factor of 2223 and 351.
117
Calculate the highest common divisor of 35 and 168.
7
What is the highest common divisor of 969 and 204?
51
What is the highest common divisor of 1071 and 28?
7
What is the greatest common factor of 7865 and 520?
65
What is the greatest common divisor of 1936 and 48?
16
What is the greatest common factor of 126 and 10?
2
Calculate the greatest common factor of 567 and 441.
63
Calculate the greatest common divisor of 92 and 100.
4
What is the highest common divisor of 72 and 150?
6
Calculate the highest common factor of 1602 and 1958.
178
Calculate the highest common divisor of 46 and 2.
2
What is the greatest common factor of 106 and 4081?
53
What is the greatest common divisor of 322 and 14?
14
What is the greatest common divisor of 12228 and 24?
12
What is the highest common divisor of 22 and 253?
11
What is the highest common divisor of 20 and 9565?
5
What is the highest common factor of 21 and 259?
7
What is the highest common factor of 116 and 464?
116
Calculate the highest common factor of 371 and 477.
53
Calculate the greatest common divisor of 20 and 320.
20
Calculate the greatest common divisor of 234 and 36.
18
Calculate the greatest common divisor of 3093 and 3.
3
Calculate the highest common factor of 54 and 288.
18
Calculate the greatest common factor of 255 and 425.
85
Calculate the highest common divisor of 26 and 416.
26
What is the greatest common divisor of 223 and 60433?
223
What is the highest common divisor of 128 and 128?
128
What is the highest common factor of 11 and 4?
1
Calculate the greatest common factor of 52 and 12.
4
Calculate the highest common factor of 43 and 22231.
43
What is the greatest common divisor of 7797 and 276?
69
What is the greatest common divisor of 648 and 378?
54
What is the highest common factor of 268 and 4087?
67
Calculate the greatest common factor of 15 and 3.
3
Calculate the greatest common divisor of 10 and 1610.
10
Calculate the greatest common factor of 56 and 968.
8
What is the highest common divisor of 510 and 850?
170
What is the highest common divisor of 459 and 17?
17
Calculate the highest common divisor of 80 and 140.
20
What is the greatest common divisor of 3683 and 381?
127
What is the highest common divisor of 100 and 2620?
20
Calculate the greatest common factor of 9 and 1.
1
Calculate th